{"id":314,"date":"2025-04-19T10:47:10","date_gmt":"2025-04-19T08:47:10","guid":{"rendered":"https:\/\/webassos.fr\/perso\/?page_id=314"},"modified":"2026-03-16T15:13:40","modified_gmt":"2026-03-16T14:13:40","slug":"accueil_immo","status":"publish","type":"page","link":"https:\/\/webassos.fr\/perso\/","title":{"rendered":"Accueil_immo"},"content":{"rendered":"\t\t<div data-elementor-type=\"wp-page\" data-elementor-id=\"314\" class=\"elementor elementor-314\">\n\t\t\t\t<div class=\"elementor-element elementor-element-58c4064c e-flex e-con-boxed e-con e-parent\" data-id=\"58c4064c\" data-element_type=\"container\" data-e-type=\"container\">\n\t\t\t\t\t<div class=\"e-con-inner\">\n\t\t\t\t<div class=\"elementor-element elementor-element-c7a2b2f elementor-widget elementor-widget-link-in-bio\" data-id=\"c7a2b2f\" data-element_type=\"widget\" data-e-type=\"widget\" data-widget_type=\"link-in-bio.default\">\n\t\t\t\t<div class=\"elementor-widget-container\">\n\t\t\t\t\t\t\t<div class=\"e-link-in-bio e-link-in-bio\">\n\t\t\t<div class=\"e-link-in-bio__content\">\n\n\t\t\t\t\t\t<div class=\"e-link-in-bio__identity\">\n\t\t\t\t\t\t\t\t\t<div class=\"e-link-in-bio__identity-image e-link-in-bio__identity-image-cover\">\n\t\t\t\t\t\t\t<img fetchpriority=\"high\" decoding=\"async\" width=\"300\" height=\"169\" src=\"https:\/\/webassos.fr\/perso\/wp-content\/uploads\/2025\/04\/Clue_de_St_Paul_de_Fenouillet-300x169.jpg\" class=\"e-link-in-bio__identity-image-element\" alt=\"\" srcset=\"https:\/\/webassos.fr\/perso\/wp-content\/uploads\/2025\/04\/Clue_de_St_Paul_de_Fenouillet-300x169.jpg 300w, https:\/\/webassos.fr\/perso\/wp-content\/uploads\/2025\/04\/Clue_de_St_Paul_de_Fenouillet-1024x576.jpg 1024w, https:\/\/webassos.fr\/perso\/wp-content\/uploads\/2025\/04\/Clue_de_St_Paul_de_Fenouillet-768x432.jpg 768w, https:\/\/webassos.fr\/perso\/wp-content\/uploads\/2025\/04\/Clue_de_St_Paul_de_Fenouillet-1536x864.jpg 1536w, https:\/\/webassos.fr\/perso\/wp-content\/uploads\/2025\/04\/Clue_de_St_Paul_de_Fenouillet-2048x1152.jpg 2048w, https:\/\/webassos.fr\/perso\/wp-content\/uploads\/2025\/04\/Clue_de_St_Paul_de_Fenouillet-800x450.jpg 800w\" sizes=\"(max-width: 300px) 100vw, 300px\" \/>\t\t\t\t\t\t\t\t\t\t\t\t\t<\/div>\n\t\t\t\t\t\t\t<\/div>\n\t\t\t\t\t<div class=\"e-link-in-bio__bio\">\n\t\t\t\t<h2 class=\"e-link-in-bio__heading\">SAINT PAUL DE FENOUILLET<\/h2>\t\t\t\t<h3 class=\"e-link-in-bio__title\">66220 Pyr\u00e9n\u00e9es Orientales<\/h3>\t\t\t\t\t\t\t\t<p class=\"e-link-in-bio__description\">Nos biens immobiliers \u00e0 vendre\nNotre page priv\u00e9e entre particuliers<\/p>\t\t\t<\/div>\n\t\t\t\t\t<div class=\"e-link-in-bio__icons has-size-large\">\n\t\t\t\t\t\t\t<div class=\"e-link-in-bio__icon is-size-large\">\n\t\t\t\t\t<a aria-label=\"WhatsApp\" class=\"e-link-in-bio__icon-link\" href=\"https:\/\/wa.me\/0618006435\">\n\t\t\t\t\t\t<span class=\"e-link-in-bio__icon-svg\">\n\t\t\t\t\t\t\t<svg aria-hidden=\"true\" class=\"e-font-icon-svg e-fab-whatsapp\" viewBox=\"0 0 448 512\" xmlns=\"http:\/\/www.w3.org\/2000\/svg\"><path d=\"M380.9 97.1C339 55.1 283.2 32 223.9 32c-122.4 0-222 99.6-222 222 0 39.1 10.2 77.3 29.6 111L0 480l117.7-30.9c32.4 17.7 68.9 27 106.1 27h.1c122.3 0 224.1-99.6 224.1-222 0-59.3-25.2-115-67.1-157zm-157 341.6c-33.2 0-65.7-8.9-94-25.7l-6.7-4-69.8 18.3L72 359.2l-4.4-7c-18.5-29.4-28.2-63.3-28.2-98.2 0-101.7 82.8-184.5 184.6-184.5 49.3 0 95.6 19.2 130.4 54.1 34.8 34.9 56.2 81.2 56.1 130.5 0 101.8-84.9 184.6-186.6 184.6zm101.2-138.2c-5.5-2.8-32.8-16.2-37.9-18-5.1-1.9-8.8-2.8-12.5 2.8-3.7 5.6-14.3 18-17.6 21.8-3.2 3.7-6.5 4.2-12 1.4-32.6-16.3-54-29.1-75.5-66-5.7-9.8 5.7-9.1 16.3-30.3 1.8-3.7.9-6.9-.5-9.7-1.4-2.8-12.5-30.1-17.1-41.2-4.5-10.8-9.1-9.3-12.5-9.5-3.2-.2-6.9-.2-10.6-.2-3.7 0-9.7 1.4-14.8 6.9-5.1 5.6-19.4 19-19.4 46.3 0 27.3 19.9 53.7 22.6 57.4 2.8 3.7 39.1 59.7 94.8 83.8 35.2 15.2 49 16.5 66.6 13.9 10.7-1.6 32.8-13.4 37.4-26.4 4.6-13 4.6-24.1 3.2-26.4-1.3-2.5-5-3.9-10.5-6.6z\"><\/path><\/svg>\t\t\t\t\t\t<\/span>\n\t\t\t\t\t\t\t\t\t\t\t<\/a>\n\t\t\t\t<\/div>\n\t\t\t\t\t<\/div>\n\t\t\n\t\t<div class=\"e-link-in-bio__ctas has-type-button\">\n\t\t\t\t\t\t\t<a href=\"https:\/\/webassos.fr\/perso\/maison-de-village-a-vendre\/\" target=\"_blank\" rel=\"noopener nofollow \" class=\"e-link-in-bio__cta is-type-button has-corners-rounded\">\n\t\t\t\t\t\t\t\t\t\t<span class=\"e-link-in-bio__cta-text\">\n\t\t\t\t\t\tMaison de village familiale avec grand garage, gros potentiel\t\t\t\t\t<\/span>\n\t\t\t\t<\/a>\n\t\t\t\t\t\t\t<a href=\"https:\/\/webassos.fr\/perso\/villa-a-vendre\/\" class=\"e-link-in-bio__cta is-type-button has-corners-rounded\">\n\t\t\t\t\t\t\t\t\t\t<span class=\"e-link-in-bio__cta-text\">\n\t\t\t\t\t\tBelle villa tout confort r\u00e9cemment r\u00e9nov\u00e9e\t\t\t\t\t<\/span>\n\t\t\t\t<\/a>\n\t\t\t\t\t\t\t<a href=\"http:\/\/www.st-paul66.com\/\" target=\"_blank\" rel=\"noopener \" class=\"e-link-in-bio__cta is-type-button has-corners-rounded\">\n\t\t\t\t\t\t\t\t\t\t<span class=\"e-link-in-bio__cta-text\">\n\t\t\t\t\t\tLien vers le site de la Municipalit\u00e9 de Saint-Paul de Fenouillet\t\t\t\t\t<\/span>\n\t\t\t\t<\/a>\n\t\t\t\t\t<\/div>\n\t\t\n\t\t\t<\/div>\n\t\t\t<div class=\"e-link-in-bio__bg\">\n\t\t\t\t<div class=\"e-link-in-bio__bg-overlay\"><\/div>\n\t\t\t<\/div>\n\t\t<\/div>\n\t\t\t\t\t\t<\/div>\n\t\t\t\t<\/div>\n\t\t\t\t\t<\/div>\n\t\t\t\t<\/div>\n\t\t\t\t<\/div>\n\t\t","protected":false},"excerpt":{"rendered":"<p>SAINT PAUL DE FENOUILLET 66220 Pyr\u00e9n\u00e9es Orientales Nos biens immobiliers \u00e0 vendre Notre page priv\u00e9e entre particuliers Maison de village familiale avec grand garage, gros potentiel Belle villa tout confort r\u00e9cemment r\u00e9nov\u00e9e Lien vers le site de la Municipalit\u00e9 de Saint-Paul de Fenouillet<\/p>\n","protected":false},"author":1,"featured_media":0,"parent":0,"menu_order":0,"comment_status":"closed","ping_status":"closed","template":"templates\/landing.php","meta":{"footnotes":""},"class_list":["post-314","page","type-page","status-publish","hentry","entry"],"_links":{"self":[{"href":"https:\/\/webassos.fr\/perso\/wp-json\/wp\/v2\/pages\/314","targetHints":{"allow":["GET"]}}],"collection":[{"href":"https:\/\/webassos.fr\/perso\/wp-json\/wp\/v2\/pages"}],"about":[{"href":"https:\/\/webassos.fr\/perso\/wp-json\/wp\/v2\/types\/page"}],"author":[{"embeddable":true,"href":"https:\/\/webassos.fr\/perso\/wp-json\/wp\/v2\/users\/1"}],"replies":[{"embeddable":true,"href":"https:\/\/webassos.fr\/perso\/wp-json\/wp\/v2\/comments?post=314"}],"version-history":[{"count":57,"href":"https:\/\/webassos.fr\/perso\/wp-json\/wp\/v2\/pages\/314\/revisions"}],"predecessor-version":[{"id":640,"href":"https:\/\/webassos.fr\/perso\/wp-json\/wp\/v2\/pages\/314\/revisions\/640"}],"wp:attachment":[{"href":"https:\/\/webassos.fr\/perso\/wp-json\/wp\/v2\/media?parent=314"}],"curies":[{"name":"wp","href":"https:\/\/api.w.org\/{rel}","templated":true}]}}