{"id":47,"date":"2024-07-31T19:01:58","date_gmt":"2024-07-31T17:01:58","guid":{"rendered":"https:\/\/webassos.fr\/perso\/?page_id=47"},"modified":"2025-12-23T11:30:05","modified_gmt":"2025-12-23T10:30:05","slug":"diaporama-maison-de-village-a-vendre","status":"publish","type":"page","link":"https:\/\/webassos.fr\/perso\/diaporama-maison-de-village-a-vendre\/","title":{"rendered":"Diaporama maison de village \u00e0 vendre"},"content":{"rendered":"\t\t<div data-elementor-type=\"wp-page\" data-elementor-id=\"47\" class=\"elementor elementor-47\">\n\t\t\t\t<div class=\"elementor-element elementor-element-dc9d1f2 e-flex e-con-boxed e-con e-parent\" data-id=\"dc9d1f2\" data-element_type=\"container\" data-e-type=\"container\">\n\t\t\t\t\t<div class=\"e-con-inner\">\n\t\t\t\t<div class=\"elementor-element elementor-element-08f5184 elementor-widget elementor-widget-image-gallery\" data-id=\"08f5184\" data-element_type=\"widget\" data-e-type=\"widget\" data-widget_type=\"image-gallery.default\">\n\t\t\t\t<div class=\"elementor-widget-container\">\n\t\t\t\t\t\t\t<div class=\"elementor-image-gallery\">\n\t\t\t<div id='gallery-1' class='gallery galleryid-47 gallery-columns-4 gallery-size-thumbnail'><figure class='gallery-item'>\n\t\t\t<div class='gallery-icon portrait'>\n\t\t\t\t<a data-elementor-open-lightbox=\"yes\" data-elementor-lightbox-slideshow=\"08f5184\" data-elementor-lightbox-title=\"01_RDC_20250721_102737\" data-e-action-hash=\"#elementor-action%3Aaction%3Dlightbox%26settings%3DeyJpZCI6NDc5LCJ1cmwiOiJodHRwczpcL1wvd2ViYXNzb3MuZnJcL3BlcnNvXC93cC1jb250ZW50XC91cGxvYWRzXC8yMDI1XC8wN1wvMDFfUkRDXzIwMjUwNzIxXzEwMjczNy1zY2FsZWQuanBnIiwic2xpZGVzaG93IjoiMDhmNTE4NCJ9\" href='https:\/\/webassos.fr\/perso\/wp-content\/uploads\/2025\/07\/01_RDC_20250721_102737-scaled.jpg'><img decoding=\"async\" width=\"150\" height=\"150\" src=\"https:\/\/webassos.fr\/perso\/wp-content\/uploads\/2025\/07\/01_RDC_20250721_102737-150x150.jpg\" class=\"attachment-thumbnail size-thumbnail\" alt=\"\" aria-describedby=\"gallery-1-479\" srcset=\"https:\/\/webassos.fr\/perso\/wp-content\/uploads\/2025\/07\/01_RDC_20250721_102737-150x150.jpg 150w, https:\/\/webassos.fr\/perso\/wp-content\/uploads\/2025\/07\/01_RDC_20250721_102737-600x600.jpg 600w\" sizes=\"(max-width: 150px) 100vw, 150px\" \/><\/a>\n\t\t\t<\/div>\n\t\t\t\t<figcaption class='wp-caption-text gallery-caption' id='gallery-1-479'>\n\t\t\t\tRez de Chauss\u00e9e\n\t\t\t\t<\/figcaption><\/figure><figure class='gallery-item'>\n\t\t\t<div class='gallery-icon portrait'>\n\t\t\t\t<a data-elementor-open-lightbox=\"yes\" data-elementor-lightbox-slideshow=\"08f5184\" data-elementor-lightbox-title=\"2_RDC_seuil_entr\u00e9e\" data-e-action-hash=\"#elementor-action%3Aaction%3Dlightbox%26settings%3DeyJpZCI6NjUsInVybCI6Imh0dHBzOlwvXC93ZWJhc3Nvcy5mclwvcGVyc29cL3dwLWNvbnRlbnRcL3VwbG9hZHNcLzIwMjRcLzA3XC8yX1JEQ19zZXVpbF9lbnRyZWUtMS1zY2FsZWQuanBnIiwic2xpZGVzaG93IjoiMDhmNTE4NCJ9\" href='https:\/\/webassos.fr\/perso\/wp-content\/uploads\/2024\/07\/2_RDC_seuil_entree-1-scaled.jpg'><img decoding=\"async\" width=\"150\" height=\"150\" src=\"https:\/\/webassos.fr\/perso\/wp-content\/uploads\/2024\/07\/2_RDC_seuil_entree-1-150x150.jpg\" class=\"attachment-thumbnail size-thumbnail\" alt=\"\" aria-describedby=\"gallery-1-65\" \/><\/a>\n\t\t\t<\/div>\n\t\t\t\t<figcaption class='wp-caption-text gallery-caption' id='gallery-1-65'>\n\t\t\t\tEntr\u00e9e principale\n\t\t\t\t<\/figcaption><\/figure><figure class='gallery-item'>\n\t\t\t<div class='gallery-icon portrait'>\n\t\t\t\t<a data-elementor-open-lightbox=\"yes\" data-elementor-lightbox-slideshow=\"08f5184\" data-elementor-lightbox-title=\"3_RDC_couloir\" data-e-action-hash=\"#elementor-action%3Aaction%3Dlightbox%26settings%3DeyJpZCI6NjYsInVybCI6Imh0dHBzOlwvXC93ZWJhc3Nvcy5mclwvcGVyc29cL3dwLWNvbnRlbnRcL3VwbG9hZHNcLzIwMjRcLzA3XC8zX1JEQ19jb3Vsb2lyLTEtc2NhbGVkLmpwZyIsInNsaWRlc2hvdyI6IjA4ZjUxODQifQ%3D%3D\" href='https:\/\/webassos.fr\/perso\/wp-content\/uploads\/2024\/07\/3_RDC_couloir-1-scaled.jpg'><img decoding=\"async\" width=\"150\" height=\"150\" src=\"https:\/\/webassos.fr\/perso\/wp-content\/uploads\/2024\/07\/3_RDC_couloir-1-150x150.jpg\" class=\"attachment-thumbnail size-thumbnail\" alt=\"\" aria-describedby=\"gallery-1-66\" \/><\/a>\n\t\t\t<\/div>\n\t\t\t\t<figcaption class='wp-caption-text gallery-caption' id='gallery-1-66'>\n\t\t\t\tCouloir Entr\u00e9e\n\t\t\t\t<\/figcaption><\/figure><figure class='gallery-item'>\n\t\t\t<div class='gallery-icon portrait'>\n\t\t\t\t<a data-elementor-open-lightbox=\"yes\" data-elementor-lightbox-slideshow=\"08f5184\" data-elementor-lightbox-title=\"4_RDC_hall\" data-e-action-hash=\"#elementor-action%3Aaction%3Dlightbox%26settings%3DeyJpZCI6NjcsInVybCI6Imh0dHBzOlwvXC93ZWJhc3Nvcy5mclwvcGVyc29cL3dwLWNvbnRlbnRcL3VwbG9hZHNcLzIwMjRcLzA3XC80X1JEQ19oYWxsLTEtc2NhbGVkLmpwZyIsInNsaWRlc2hvdyI6IjA4ZjUxODQifQ%3D%3D\" href='https:\/\/webassos.fr\/perso\/wp-content\/uploads\/2024\/07\/4_RDC_hall-1-scaled.jpg'><img loading=\"lazy\" decoding=\"async\" width=\"150\" height=\"150\" src=\"https:\/\/webassos.fr\/perso\/wp-content\/uploads\/2024\/07\/4_RDC_hall-1-150x150.jpg\" class=\"attachment-thumbnail size-thumbnail\" alt=\"\" aria-describedby=\"gallery-1-67\" \/><\/a>\n\t\t\t<\/div>\n\t\t\t\t<figcaption class='wp-caption-text gallery-caption' id='gallery-1-67'>\n\t\t\t\tCouloir\n\t\t\t\t<\/figcaption><\/figure><figure class='gallery-item'>\n\t\t\t<div class='gallery-icon portrait'>\n\t\t\t\t<a data-elementor-open-lightbox=\"yes\" data-elementor-lightbox-slideshow=\"08f5184\" data-elementor-lightbox-title=\"5_RDCcouloir_placard\" data-e-action-hash=\"#elementor-action%3Aaction%3Dlightbox%26settings%3DeyJpZCI6NjgsInVybCI6Imh0dHBzOlwvXC93ZWJhc3Nvcy5mclwvcGVyc29cL3dwLWNvbnRlbnRcL3VwbG9hZHNcLzIwMjRcLzA3XC81X1JEQ2NvdWxvaXJfcGxhY2FyZC0xLXNjYWxlZC5qcGciLCJzbGlkZXNob3ciOiIwOGY1MTg0In0%3D\" href='https:\/\/webassos.fr\/perso\/wp-content\/uploads\/2024\/07\/5_RDCcouloir_placard-1-scaled.jpg'><img loading=\"lazy\" decoding=\"async\" width=\"150\" height=\"150\" src=\"https:\/\/webassos.fr\/perso\/wp-content\/uploads\/2024\/07\/5_RDCcouloir_placard-1-150x150.jpg\" class=\"attachment-thumbnail size-thumbnail\" alt=\"\" aria-describedby=\"gallery-1-68\" \/><\/a>\n\t\t\t<\/div>\n\t\t\t\t<figcaption class='wp-caption-text gallery-caption' id='gallery-1-68'>\n\t\t\t\tVestibule\n\t\t\t\t<\/figcaption><\/figure><figure class='gallery-item'>\n\t\t\t<div class='gallery-icon portrait'>\n\t\t\t\t<a data-elementor-open-lightbox=\"yes\" data-elementor-lightbox-slideshow=\"08f5184\" data-elementor-lightbox-title=\"6_RDC_couloir\" data-e-action-hash=\"#elementor-action%3Aaction%3Dlightbox%26settings%3DeyJpZCI6NjksInVybCI6Imh0dHBzOlwvXC93ZWJhc3Nvcy5mclwvcGVyc29cL3dwLWNvbnRlbnRcL3VwbG9hZHNcLzIwMjRcLzA3XC82X1JEQ19jb3Vsb2lyLTEtc2NhbGVkLmpwZyIsInNsaWRlc2hvdyI6IjA4ZjUxODQifQ%3D%3D\" href='https:\/\/webassos.fr\/perso\/wp-content\/uploads\/2024\/07\/6_RDC_couloir-1-scaled.jpg'><img loading=\"lazy\" decoding=\"async\" width=\"150\" height=\"150\" src=\"https:\/\/webassos.fr\/perso\/wp-content\/uploads\/2024\/07\/6_RDC_couloir-1-150x150.jpg\" class=\"attachment-thumbnail size-thumbnail\" alt=\"\" aria-describedby=\"gallery-1-69\" \/><\/a>\n\t\t\t<\/div>\n\t\t\t\t<figcaption class='wp-caption-text gallery-caption' id='gallery-1-69'>\n\t\t\t\tVestibule\n\t\t\t\t<\/figcaption><\/figure><figure class='gallery-item'>\n\t\t\t<div class='gallery-icon portrait'>\n\t\t\t\t<a data-elementor-open-lightbox=\"yes\" data-elementor-lightbox-slideshow=\"08f5184\" data-elementor-lightbox-title=\"7_RDC_s\u00e9jour\" data-e-action-hash=\"#elementor-action%3Aaction%3Dlightbox%26settings%3DeyJpZCI6NzAsInVybCI6Imh0dHBzOlwvXC93ZWJhc3Nvcy5mclwvcGVyc29cL3dwLWNvbnRlbnRcL3VwbG9hZHNcLzIwMjRcLzA3XC83X1JEQ19zZWpvdXItMS1zY2FsZWQuanBnIiwic2xpZGVzaG93IjoiMDhmNTE4NCJ9\" href='https:\/\/webassos.fr\/perso\/wp-content\/uploads\/2024\/07\/7_RDC_sejour-1-scaled.jpg'><img loading=\"lazy\" decoding=\"async\" width=\"150\" height=\"150\" src=\"https:\/\/webassos.fr\/perso\/wp-content\/uploads\/2024\/07\/7_RDC_sejour-1-150x150.jpg\" class=\"attachment-thumbnail size-thumbnail\" alt=\"\" aria-describedby=\"gallery-1-70\" \/><\/a>\n\t\t\t<\/div>\n\t\t\t\t<figcaption class='wp-caption-text gallery-caption' id='gallery-1-70'>\n\t\t\t\tSalle \u00e0  manger Salon\n\t\t\t\t<\/figcaption><\/figure><figure class='gallery-item'>\n\t\t\t<div class='gallery-icon portrait'>\n\t\t\t\t<a data-elementor-open-lightbox=\"yes\" data-elementor-lightbox-slideshow=\"08f5184\" data-elementor-lightbox-title=\"8_RDC_cuisine\" data-e-action-hash=\"#elementor-action%3Aaction%3Dlightbox%26settings%3DeyJpZCI6NzEsInVybCI6Imh0dHBzOlwvXC93ZWJhc3Nvcy5mclwvcGVyc29cL3dwLWNvbnRlbnRcL3VwbG9hZHNcLzIwMjRcLzA3XC84X1JEQ19jdWlzaW5lLTEtc2NhbGVkLmpwZyIsInNsaWRlc2hvdyI6IjA4ZjUxODQifQ%3D%3D\" href='https:\/\/webassos.fr\/perso\/wp-content\/uploads\/2024\/07\/8_RDC_cuisine-1-scaled.jpg'><img loading=\"lazy\" decoding=\"async\" width=\"150\" height=\"150\" src=\"https:\/\/webassos.fr\/perso\/wp-content\/uploads\/2024\/07\/8_RDC_cuisine-1-150x150.jpg\" class=\"attachment-thumbnail size-thumbnail\" alt=\"\" aria-describedby=\"gallery-1-71\" \/><\/a>\n\t\t\t<\/div>\n\t\t\t\t<figcaption class='wp-caption-text gallery-caption' id='gallery-1-71'>\n\t\t\t\tCuisine\n\t\t\t\t<\/figcaption><\/figure><figure class='gallery-item'>\n\t\t\t<div class='gallery-icon portrait'>\n\t\t\t\t<a data-elementor-open-lightbox=\"yes\" data-elementor-lightbox-slideshow=\"08f5184\" data-elementor-lightbox-title=\"9_ RDC_salle_de_bains\" data-e-action-hash=\"#elementor-action%3Aaction%3Dlightbox%26settings%3DeyJpZCI6NzIsInVybCI6Imh0dHBzOlwvXC93ZWJhc3Nvcy5mclwvcGVyc29cL3dwLWNvbnRlbnRcL3VwbG9hZHNcLzIwMjRcLzA3XC85Xy1SRENfc2FsbGVfZGVfYmFpbnMtMS1zY2FsZWQuanBnIiwic2xpZGVzaG93IjoiMDhmNTE4NCJ9\" href='https:\/\/webassos.fr\/perso\/wp-content\/uploads\/2024\/07\/9_-RDC_salle_de_bains-1-scaled.jpg'><img loading=\"lazy\" decoding=\"async\" width=\"150\" height=\"150\" src=\"https:\/\/webassos.fr\/perso\/wp-content\/uploads\/2024\/07\/9_-RDC_salle_de_bains-1-150x150.jpg\" class=\"attachment-thumbnail size-thumbnail\" alt=\"\" aria-describedby=\"gallery-1-72\" \/><\/a>\n\t\t\t<\/div>\n\t\t\t\t<figcaption class='wp-caption-text gallery-caption' id='gallery-1-72'>\n\t\t\t\tSalle de bains\n\t\t\t\t<\/figcaption><\/figure><figure class='gallery-item'>\n\t\t\t<div class='gallery-icon portrait'>\n\t\t\t\t<a data-elementor-open-lightbox=\"yes\" data-elementor-lightbox-slideshow=\"08f5184\" data-elementor-lightbox-title=\"10_RDC_chambre\" data-e-action-hash=\"#elementor-action%3Aaction%3Dlightbox%26settings%3DeyJpZCI6NzMsInVybCI6Imh0dHBzOlwvXC93ZWJhc3Nvcy5mclwvcGVyc29cL3dwLWNvbnRlbnRcL3VwbG9hZHNcLzIwMjRcLzA3XC8xMF9SRENfY2hhbWJyZS0xLXNjYWxlZC5qcGciLCJzbGlkZXNob3ciOiIwOGY1MTg0In0%3D\" href='https:\/\/webassos.fr\/perso\/wp-content\/uploads\/2024\/07\/10_RDC_chambre-1-scaled.jpg'><img loading=\"lazy\" decoding=\"async\" width=\"150\" height=\"150\" src=\"https:\/\/webassos.fr\/perso\/wp-content\/uploads\/2024\/07\/10_RDC_chambre-1-150x150.jpg\" class=\"attachment-thumbnail size-thumbnail\" alt=\"\" aria-describedby=\"gallery-1-73\" \/><\/a>\n\t\t\t<\/div>\n\t\t\t\t<figcaption class='wp-caption-text gallery-caption' id='gallery-1-73'>\n\t\t\t\tChambre Rez de chauss\u00e9e\n\t\t\t\t<\/figcaption><\/figure><figure class='gallery-item'>\n\t\t\t<div class='gallery-icon portrait'>\n\t\t\t\t<a data-elementor-open-lightbox=\"yes\" data-elementor-lightbox-slideshow=\"08f5184\" data-elementor-lightbox-title=\"11_d\u00e9part_escalier\" data-e-action-hash=\"#elementor-action%3Aaction%3Dlightbox%26settings%3DeyJpZCI6NzQsInVybCI6Imh0dHBzOlwvXC93ZWJhc3Nvcy5mclwvcGVyc29cL3dwLWNvbnRlbnRcL3VwbG9hZHNcLzIwMjRcLzA3XC8xMV9kZXBhcnRfZXNjYWxpZXItMS1zY2FsZWQuanBnIiwic2xpZGVzaG93IjoiMDhmNTE4NCJ9\" href='https:\/\/webassos.fr\/perso\/wp-content\/uploads\/2024\/07\/11_depart_escalier-1-scaled.jpg'><img loading=\"lazy\" decoding=\"async\" width=\"150\" height=\"150\" src=\"https:\/\/webassos.fr\/perso\/wp-content\/uploads\/2024\/07\/11_depart_escalier-1-150x150.jpg\" class=\"attachment-thumbnail size-thumbnail\" alt=\"\" aria-describedby=\"gallery-1-74\" \/><\/a>\n\t\t\t<\/div>\n\t\t\t\t<figcaption class='wp-caption-text gallery-caption' id='gallery-1-74'>\n\t\t\t\tBas Escalier\n\t\t\t\t<\/figcaption><\/figure><figure class='gallery-item'>\n\t\t\t<div class='gallery-icon portrait'>\n\t\t\t\t<a data-elementor-open-lightbox=\"yes\" data-elementor-lightbox-slideshow=\"08f5184\" data-elementor-lightbox-title=\"12_Etage_haut _escalier\" data-e-action-hash=\"#elementor-action%3Aaction%3Dlightbox%26settings%3DeyJpZCI6NzUsInVybCI6Imh0dHBzOlwvXC93ZWJhc3Nvcy5mclwvcGVyc29cL3dwLWNvbnRlbnRcL3VwbG9hZHNcLzIwMjRcLzA3XC8xMl9FdGFnZV9oYXV0LV9lc2NhbGllci0xLXNjYWxlZC5qcGciLCJzbGlkZXNob3ciOiIwOGY1MTg0In0%3D\" href='https:\/\/webassos.fr\/perso\/wp-content\/uploads\/2024\/07\/12_Etage_haut-_escalier-1-scaled.jpg'><img loading=\"lazy\" decoding=\"async\" width=\"150\" height=\"150\" src=\"https:\/\/webassos.fr\/perso\/wp-content\/uploads\/2024\/07\/12_Etage_haut-_escalier-1-150x150.jpg\" class=\"attachment-thumbnail size-thumbnail\" alt=\"\" aria-describedby=\"gallery-1-75\" \/><\/a>\n\t\t\t<\/div>\n\t\t\t\t<figcaption class='wp-caption-text gallery-caption' id='gallery-1-75'>\n\t\t\t\tHaut Escalier\n\t\t\t\t<\/figcaption><\/figure><figure class='gallery-item'>\n\t\t\t<div class='gallery-icon portrait'>\n\t\t\t\t<a data-elementor-open-lightbox=\"yes\" data-elementor-lightbox-slideshow=\"08f5184\" data-elementor-lightbox-title=\"13_Etage_Palier\" data-e-action-hash=\"#elementor-action%3Aaction%3Dlightbox%26settings%3DeyJpZCI6NzYsInVybCI6Imh0dHBzOlwvXC93ZWJhc3Nvcy5mclwvcGVyc29cL3dwLWNvbnRlbnRcL3VwbG9hZHNcLzIwMjRcLzA3XC8xM19FdGFnZV9QYWxpZXItMS1zY2FsZWQuanBnIiwic2xpZGVzaG93IjoiMDhmNTE4NCJ9\" href='https:\/\/webassos.fr\/perso\/wp-content\/uploads\/2024\/07\/13_Etage_Palier-1-scaled.jpg'><img loading=\"lazy\" decoding=\"async\" width=\"150\" height=\"150\" src=\"https:\/\/webassos.fr\/perso\/wp-content\/uploads\/2024\/07\/13_Etage_Palier-1-150x150.jpg\" class=\"attachment-thumbnail size-thumbnail\" alt=\"\" aria-describedby=\"gallery-1-76\" \/><\/a>\n\t\t\t<\/div>\n\t\t\t\t<figcaption class='wp-caption-text gallery-caption' id='gallery-1-76'>\n\t\t\t\tPallier Etage\n\t\t\t\t<\/figcaption><\/figure><figure class='gallery-item'>\n\t\t\t<div class='gallery-icon portrait'>\n\t\t\t\t<a data-elementor-open-lightbox=\"yes\" data-elementor-lightbox-slideshow=\"08f5184\" data-elementor-lightbox-title=\"14_Etage_palier\" data-e-action-hash=\"#elementor-action%3Aaction%3Dlightbox%26settings%3DeyJpZCI6NzcsInVybCI6Imh0dHBzOlwvXC93ZWJhc3Nvcy5mclwvcGVyc29cL3dwLWNvbnRlbnRcL3VwbG9hZHNcLzIwMjRcLzA3XC8xNF9FdGFnZV9wYWxpZXItMS1zY2FsZWQuanBnIiwic2xpZGVzaG93IjoiMDhmNTE4NCJ9\" href='https:\/\/webassos.fr\/perso\/wp-content\/uploads\/2024\/07\/14_Etage_palier-1-scaled.jpg'><img loading=\"lazy\" decoding=\"async\" width=\"150\" height=\"150\" src=\"https:\/\/webassos.fr\/perso\/wp-content\/uploads\/2024\/07\/14_Etage_palier-1-150x150.jpg\" class=\"attachment-thumbnail size-thumbnail\" alt=\"\" aria-describedby=\"gallery-1-77\" \/><\/a>\n\t\t\t<\/div>\n\t\t\t\t<figcaption class='wp-caption-text gallery-caption' id='gallery-1-77'>\n\t\t\t\tPallier Etage\n\t\t\t\t<\/figcaption><\/figure><figure class='gallery-item'>\n\t\t\t<div class='gallery-icon portrait'>\n\t\t\t\t<a data-elementor-open-lightbox=\"yes\" data-elementor-lightbox-slideshow=\"08f5184\" data-elementor-lightbox-title=\"15_Etage_Dressing\" data-e-action-hash=\"#elementor-action%3Aaction%3Dlightbox%26settings%3DeyJpZCI6NzgsInVybCI6Imh0dHBzOlwvXC93ZWJhc3Nvcy5mclwvcGVyc29cL3dwLWNvbnRlbnRcL3VwbG9hZHNcLzIwMjRcLzA3XC8xNV9FdGFnZV9EcmVzc2luZy0xLXNjYWxlZC5qcGciLCJzbGlkZXNob3ciOiIwOGY1MTg0In0%3D\" href='https:\/\/webassos.fr\/perso\/wp-content\/uploads\/2024\/07\/15_Etage_Dressing-1-scaled.jpg'><img loading=\"lazy\" decoding=\"async\" width=\"150\" height=\"150\" src=\"https:\/\/webassos.fr\/perso\/wp-content\/uploads\/2024\/07\/15_Etage_Dressing-1-150x150.jpg\" class=\"attachment-thumbnail size-thumbnail\" alt=\"\" aria-describedby=\"gallery-1-78\" \/><\/a>\n\t\t\t<\/div>\n\t\t\t\t<figcaption class='wp-caption-text gallery-caption' id='gallery-1-78'>\n\t\t\t\tDressing\n\t\t\t\t<\/figcaption><\/figure><figure class='gallery-item'>\n\t\t\t<div class='gallery-icon portrait'>\n\t\t\t\t<a data-elementor-open-lightbox=\"yes\" data-elementor-lightbox-slideshow=\"08f5184\" data-elementor-lightbox-title=\"16_Etage_chambre_1\" data-e-action-hash=\"#elementor-action%3Aaction%3Dlightbox%26settings%3DeyJpZCI6NzksInVybCI6Imh0dHBzOlwvXC93ZWJhc3Nvcy5mclwvcGVyc29cL3dwLWNvbnRlbnRcL3VwbG9hZHNcLzIwMjRcLzA3XC8xNl9FdGFnZV9jaGFtYnJlXzEtMS1zY2FsZWQuanBnIiwic2xpZGVzaG93IjoiMDhmNTE4NCJ9\" href='https:\/\/webassos.fr\/perso\/wp-content\/uploads\/2024\/07\/16_Etage_chambre_1-1-scaled.jpg'><img loading=\"lazy\" decoding=\"async\" width=\"150\" height=\"150\" src=\"https:\/\/webassos.fr\/perso\/wp-content\/uploads\/2024\/07\/16_Etage_chambre_1-1-150x150.jpg\" class=\"attachment-thumbnail size-thumbnail\" alt=\"\" aria-describedby=\"gallery-1-79\" \/><\/a>\n\t\t\t<\/div>\n\t\t\t\t<figcaption class='wp-caption-text gallery-caption' id='gallery-1-79'>\n\t\t\t\tChambre 2\n\t\t\t\t<\/figcaption><\/figure><figure class='gallery-item'>\n\t\t\t<div class='gallery-icon landscape'>\n\t\t\t\t<a data-elementor-open-lightbox=\"yes\" data-elementor-lightbox-slideshow=\"08f5184\" data-elementor-lightbox-title=\"17b_Etage_chambre_3\" data-e-action-hash=\"#elementor-action%3Aaction%3Dlightbox%26settings%3DeyJpZCI6NDgwLCJ1cmwiOiJodHRwczpcL1wvd2ViYXNzb3MuZnJcL3BlcnNvXC93cC1jb250ZW50XC91cGxvYWRzXC8yMDI1XC8wN1wvMTdiX0V0YWdlX2NoYW1icmVfMy0xLXNjYWxlZC5qcGciLCJzbGlkZXNob3ciOiIwOGY1MTg0In0%3D\" href='https:\/\/webassos.fr\/perso\/wp-content\/uploads\/2025\/07\/17b_Etage_chambre_3-1-scaled.jpg'><img loading=\"lazy\" decoding=\"async\" width=\"150\" height=\"150\" src=\"https:\/\/webassos.fr\/perso\/wp-content\/uploads\/2025\/07\/17b_Etage_chambre_3-1-150x150.jpg\" class=\"attachment-thumbnail size-thumbnail\" alt=\"\" aria-describedby=\"gallery-1-480\" srcset=\"https:\/\/webassos.fr\/perso\/wp-content\/uploads\/2025\/07\/17b_Etage_chambre_3-1-150x150.jpg 150w, https:\/\/webassos.fr\/perso\/wp-content\/uploads\/2025\/07\/17b_Etage_chambre_3-1-600x600.jpg 600w\" sizes=\"(max-width: 150px) 100vw, 150px\" \/><\/a>\n\t\t\t<\/div>\n\t\t\t\t<figcaption class='wp-caption-text gallery-caption' id='gallery-1-480'>\n\t\t\t\tChambre 3\n\t\t\t\t<\/figcaption><\/figure><figure class='gallery-item'>\n\t\t\t<div class='gallery-icon portrait'>\n\t\t\t\t<a data-elementor-open-lightbox=\"yes\" data-elementor-lightbox-slideshow=\"08f5184\" data-elementor-lightbox-title=\"24_Fa\u00e7ade_rue_de_Calonges\" data-e-action-hash=\"#elementor-action%3Aaction%3Dlightbox%26settings%3DeyJpZCI6OTAsInVybCI6Imh0dHBzOlwvXC93ZWJhc3Nvcy5mclwvcGVyc29cL3dwLWNvbnRlbnRcL3VwbG9hZHNcLzIwMjRcLzA3XC8yNF9GYWNhZGVfcnVlX2RlX0NhbG9uZ2VzLTEtc2NhbGVkLmpwZyIsInNsaWRlc2hvdyI6IjA4ZjUxODQifQ%3D%3D\" href='https:\/\/webassos.fr\/perso\/wp-content\/uploads\/2024\/07\/24_Facade_rue_de_Calonges-1-scaled.jpg'><img loading=\"lazy\" decoding=\"async\" width=\"150\" height=\"150\" src=\"https:\/\/webassos.fr\/perso\/wp-content\/uploads\/2024\/07\/24_Facade_rue_de_Calonges-1-150x150.jpg\" class=\"attachment-thumbnail size-thumbnail\" alt=\"\" aria-describedby=\"gallery-1-90\" \/><\/a>\n\t\t\t<\/div>\n\t\t\t\t<figcaption class='wp-caption-text gallery-caption' id='gallery-1-90'>\n\t\t\t\tEntr\u00e9e Garage\n\t\t\t\t<\/figcaption><\/figure><figure class='gallery-item'>\n\t\t\t<div class='gallery-icon portrait'>\n\t\t\t\t<a data-elementor-open-lightbox=\"yes\" data-elementor-lightbox-slideshow=\"08f5184\" data-elementor-lightbox-title=\"Entresol_80m\u00b2\" data-e-action-hash=\"#elementor-action%3Aaction%3Dlightbox%26settings%3DeyJpZCI6NjAzLCJ1cmwiOiJodHRwczpcL1wvd2ViYXNzb3MuZnJcL3BlcnNvXC93cC1jb250ZW50XC91cGxvYWRzXC8yMDI1XC8xMlwvRW50cmVzb2xfODBtXHUwMGIyLmpwZyIsInNsaWRlc2hvdyI6IjA4ZjUxODQifQ%3D%3D\" href='https:\/\/webassos.fr\/perso\/wp-content\/uploads\/2025\/12\/Entresol_80m\u00b2.jpg'><img loading=\"lazy\" decoding=\"async\" width=\"150\" height=\"150\" src=\"https:\/\/webassos.fr\/perso\/wp-content\/uploads\/2025\/12\/Entresol_80m\u00b2-150x150.jpg\" class=\"attachment-thumbnail size-thumbnail\" alt=\"\" aria-describedby=\"gallery-1-603\" srcset=\"https:\/\/webassos.fr\/perso\/wp-content\/uploads\/2025\/12\/Entresol_80m\u00b2-150x150.jpg 150w, https:\/\/webassos.fr\/perso\/wp-content\/uploads\/2025\/12\/Entresol_80m\u00b2-600x600.jpg 600w\" sizes=\"(max-width: 150px) 100vw, 150px\" \/><\/a>\n\t\t\t<\/div>\n\t\t\t\t<figcaption class='wp-caption-text gallery-caption' id='gallery-1-603'>\n\t\t\t\tEntresol 80m\u00b2\n\t\t\t\t<\/figcaption><\/figure><figure class='gallery-item'>\n\t\t\t<div class='gallery-icon portrait'>\n\t\t\t\t<a data-elementor-open-lightbox=\"yes\" data-elementor-lightbox-slideshow=\"08f5184\" data-elementor-lightbox-title=\"garage_80m\u00b2\" data-e-action-hash=\"#elementor-action%3Aaction%3Dlightbox%26settings%3DeyJpZCI6NjA0LCJ1cmwiOiJodHRwczpcL1wvd2ViYXNzb3MuZnJcL3BlcnNvXC93cC1jb250ZW50XC91cGxvYWRzXC8yMDI1XC8xMlwvZ2FyYWdlXzgwbVx1MDBiMi5qcGciLCJzbGlkZXNob3ciOiIwOGY1MTg0In0%3D\" href='https:\/\/webassos.fr\/perso\/wp-content\/uploads\/2025\/12\/garage_80m\u00b2.jpg'><img loading=\"lazy\" decoding=\"async\" width=\"150\" height=\"150\" src=\"https:\/\/webassos.fr\/perso\/wp-content\/uploads\/2025\/12\/garage_80m\u00b2-150x150.jpg\" class=\"attachment-thumbnail size-thumbnail\" alt=\"\" aria-describedby=\"gallery-1-604\" srcset=\"https:\/\/webassos.fr\/perso\/wp-content\/uploads\/2025\/12\/garage_80m\u00b2-150x150.jpg 150w, https:\/\/webassos.fr\/perso\/wp-content\/uploads\/2025\/12\/garage_80m\u00b2-600x600.jpg 600w\" sizes=\"(max-width: 150px) 100vw, 150px\" \/><\/a>\n\t\t\t<\/div>\n\t\t\t\t<figcaption class='wp-caption-text gallery-caption' id='gallery-1-604'>\n\t\t\t\tgarage 80m\u00b2\n\t\t\t\t<\/figcaption><\/figure>\n\t\t<\/div>\n\t\t<\/div>\n\t\t\t\t\t\t<\/div>\n\t\t\t\t<\/div>\n\t\t\t\t\t<\/div>\n\t\t\t\t<\/div>\n\t\t\t\t<\/div>\n\t\t","protected":false},"excerpt":{"rendered":"<p>Rez de Chauss\u00e9e Entr\u00e9e principale Couloir Entr\u00e9e Couloir Vestibule Vestibule Salle \u00e0 manger Salon Cuisine Salle de bains Chambre Rez de chauss\u00e9e Bas Escalier Haut Escalier Pallier Etage Pallier Etage Dressing Chambre 2 Chambre 3 Entr\u00e9e Garage Entresol 80m\u00b2 garage 80m\u00b2<\/p>\n","protected":false},"author":1,"featured_media":0,"parent":0,"menu_order":0,"comment_status":"open","ping_status":"closed","template":"","meta":{"footnotes":""},"class_list":["post-47","page","type-page","status-publish","hentry","entry"],"_links":{"self":[{"href":"https:\/\/webassos.fr\/perso\/wp-json\/wp\/v2\/pages\/47","targetHints":{"allow":["GET"]}}],"collection":[{"href":"https:\/\/webassos.fr\/perso\/wp-json\/wp\/v2\/pages"}],"about":[{"href":"https:\/\/webassos.fr\/perso\/wp-json\/wp\/v2\/types\/page"}],"author":[{"embeddable":true,"href":"https:\/\/webassos.fr\/perso\/wp-json\/wp\/v2\/users\/1"}],"replies":[{"embeddable":true,"href":"https:\/\/webassos.fr\/perso\/wp-json\/wp\/v2\/comments?post=47"}],"version-history":[{"count":46,"href":"https:\/\/webassos.fr\/perso\/wp-json\/wp\/v2\/pages\/47\/revisions"}],"predecessor-version":[{"id":612,"href":"https:\/\/webassos.fr\/perso\/wp-json\/wp\/v2\/pages\/47\/revisions\/612"}],"wp:attachment":[{"href":"https:\/\/webassos.fr\/perso\/wp-json\/wp\/v2\/media?parent=47"}],"curies":[{"name":"wp","href":"https:\/\/api.w.org\/{rel}","templated":true}]}}